by z(m).
6
Suppose -8*x + 40 = -6*x. What is the remainder when 36 is divided by x?
16
Suppose 0 = 5*w - 2*w - 15. What is the remainder when 5 is divided by (-2 - (0 - w))/1?
2
Suppose -5*g + 5 = -65. Suppose 2*l = 3*l - 53. Calculate the remainder when l is divided by g.
11
Suppose -3*s = -5*f + 15, -3*f + 15 = -5*s + 2*s. Suppose f = -5*q - 43 + 173. Let g = q - 15. What is the remainder when g is divided by 3?
2
Suppose 4*q - j - 44 = 0, -5*q = -4*j - 35 - 9. What is the remainder when -17*(6 - 4)*-1 is divided by q?
10
Suppose -21*h + 9*h + 696 = 0. Calculate the remainder when h is divided by 10.
8
Suppose 9 = 2*g - 5*f, 2 = -4*g - 2*f + 8. Suppose 0 = 4*a - 12, g*a + a - 22 = -v. Let h = 85 - 61. What is the remainder when h is divided by v?
11
Let i be -15*(48/(-9))/4. Let p be ((-2)/(-4))/(2/i). Let k(s) = s + 1. Calculate the remainder when 11 is divided by k(p).
5
Calculate the remainder when (-1)/(-2) + 366/12 is divided by 8.
7
Let x(d) = -9*d - 1. Let k be x(1). Let q be (-14)/(-10) - 6/k. Suppose -r + 3 = q*y, -5*y - 34 = -4*r + 4. Calculate the remainder when 18 is divided by r.
4
Suppose 5*p + 62 = 3*r, -2*p = -6*r + r + 78. What is the remainder when 24 is divided by r?
10
Let p be 6*((-16)/6)/(-4). Suppose g = y - g - 3, p*g = -y + 15. What is the remainder when y is divided by 3?
1
Suppose 2*s + 8 = 2*a, 4*a + 0*s - 11 = -s. Suppose 0 = -2*q + 3 + a. Calculate the remainder when (0 - -2)*14/4 is divided by q.
1
Let k = 3 - -5. Let a(t) = 6*t**3 - 1. Let u(p) = -p**2 + 7*p + 9. Let d be u(8). Calculate the remainder when k is divided by a(d).
3
Let c(a) = -4*a. Let u be c(2). Let r(z) = z + 11. Let i be r(u). Suppose x + i = -1, 0 = -3*p - 3*x + 9. Calculate the remainder when 20 is divided by p.
6
Let o be (-10)/(-15)*3*1. Suppose 2*v - 3*z = 4 + o, v = -2*z + 3. Calculate the remainder when 3 is divided by v.
0
Let j(i) = -i**2 - 4*i + 1. Calculate the remainder when j(-3) is divided by (2 - 21/6)*-2.
1
Let p = 30 + -20. What is the remainder when p is divided by 6?
4
Suppose -5*r - 3*f + 15 = -25, 3*r + f - 20 = 0. Let c = -4 + r. Let w(x) = 52*x + 1. What is the remainder when w(c) is divided by 18?
17
Let y(p) = -6*p**3 + 2*p**2 + 2*p - 2. Let f be y(-2). Suppose 16 = 2*i + 2*h, -2*h - 3*h = -5*i + f. What is the remainder when 25 is divided by i?
7
Let g = 31 + -18. Suppose -2 = d - 5*c - 12, -c - 21 = -4*d. Calculate the remainder when g is divided by d.
3
Let g(f) = f**3 - f**2. Let x be g(0). Let q be (0 - 0)/(1 + x). Let n = q - -4. What is the remainder when 10 is divided by n?
2
Let y(k) = -k**3 - 5*k**2 - 3*k - 5. Let x be y(-5). Suppose 0 = -4*i + 2*m + x, 2*m = i + 4 - 5. Calculate the remainder when 4 is divided by i.
1
Suppose -5*g + g + 48 = 0. Calculate the remainder when g is divided by 7.
5
Let w = 172 + -118. What is the remainder when w is divided by 21?
12
Let k(x) = -x**3 + 9*x**2 - 10*x + 14. Calculate the remainder when k(7) is divided by 9.
6
Let o(m) = -m**3 + 8*m**2 - 5*m - 10. Let u be o(7). Calculate the remainder when 15 is divided by 8*3/12*u.
7
Let k = 0 + 4. Suppose -2*s - 22 = -k*s. Calculate the remainder when s is divided by 7.
4
Suppose 29 = 3*j - 7. Let v(u) = -6*u**3 - u**2 + u. Let q(t) = -t**3 - t**2. Let b(w) = -2*q(w) + v(w). Calculate the remainder when b(-2) is divided by j.
10
Let x(f) = f - 6. Let z be x(7). Suppose -2*s - 4 = -s - 3*c, -2*s - c = 1. What is the remainder when 1 is divided by 1/(s + 2)*z?
0
Let s = 1 - 1. Let v(b) = -b**2 + b + 13. Let u(q) = -q**3 - 5*q**2 - 3*q + 11. Calculate the remainder when v(s) is divided by u(-4).
6
Let q be -3 - 0 - (8 + -5). Suppose 5 = y + 2. Let u = y - q. What is the remainder when 26 is divided by u?
8
Let t(v) be the second derivative of v**4/12 + v**3/6 + 2*v**2 + 2*v. Calculate the remainder when t(4) is divided by 13.
11
Suppose -4*z - 4 + 32 = 0. Suppose 3*k - 62 - z = 0. Suppose -3*g + 11 = t - k, -4*t + 166 = 2*g. Calculate the remainder when t is divided by 15.
13
Let v = -8 - -10. Suppose 34 = z + z + v*l, 0 = 2*z + 3*l - 32. Calculate the remainder when 55 is divided by z.
17
Let v(q) = -12*q - 16. Calculate the remainder when v(-7) is divided by 14.
12
Let s be ((-137)/2)/(2/(-4)). Suppose -s = -4*k - z - 19, 5*k + 4*z = 153. Calculate the remainder when k is divided by (32/(-10))/((-4)/10).
5
Calculate the remainder when 3/1 - (1 + -25) is divided by 6.
3
Suppose -5*d + 58 = -2*i, -d - i + 1 + 12 = 0. Let g(c) = -16*c + 1. Calculate the remainder when g(-2) is divided by d.
9
Let o(k) = -7*k + 35. Let p(h) = -3*h + 17. Let m(r) = -2*o(r) + 5*p(r). Let w be m(7). Suppose 7 = 5*s - w. What is the remainder when 5 is divided by s?
2
Let c = 7 + -7. Suppose -22 = -2*a - 2*y - c*y, 0 = a - 5*y - 11. Calculate the remainder when 30 is divided by a.
8
Let u(w) = 5*w**3 + 2*w**2 + 4*w + 3. Let k be u(-2). Calculate the remainder when 0 - k - (-14)/(-7) is divided by -1 + 2/(-2) - -14.
11
Suppose -2*q + 3 = -3. What is the remainder when q is divided by 3?
0
Suppose -2*w + 7*w - 15 = 0. Let q be (-1)/2 + 6/4. Let g = w - q. Calculate the remainder when 2 is divided by g.
0
Suppose 2*c - 7*c = 5. Let a = 4 + c. Suppose 0 = -3*k - 8 + 29. Calculate the remainder when k is divided by a.
1
Let j(o) = o**3 - 11*o**2 - o + 14. What is the remainder when -8*1/(-4)*2 is divided by j(11)?
1
Suppose 2*s + 58 = -26. Let f = s - -19. Let l = 42 + f. Calculate the remainder when 73 is divided by l.
16
Suppose -12 = 4*i - 0*i. Let w(v) = v**2 - 5*v + 3. Let j be w(5). What is the remainder when 57 is divided by (i - -1) + 51/j?
12
Let d be (6/15)/((-3)/(-15)). Let f(q) = 3*q**3 + 0*q**3 - 1 - 1 + 2*q**3 - 2*q**d. What is the remainder when f(2) is divided by 16?
14
Let a(g) = 37*g - 2*g + 4*g - 1. Let l(j) = -6*j + 1. Calculate the remainder when a(1) is divided by l(-2).
12
Let i = 1 + -20. Let b = 32 + i. What is the remainder when 38 is divided by b?
12
Let a(y) = -y**2 - 2*y**2 + 2*y**2 - 4*y + 1. Let p be a(-4). Suppose -5*j = -11 + p. What is the remainder when 4 is divided by j?
0
Suppose 0 = 3*q - 2*q + 15. Let n = 21 + q. Calculate the remainder when 16 is divided by n.
4
Let p(t) = -t**2 - 3*t + 1. Calculate the remainder when 2 is divided by p(-3).
0
Suppose 0*y - 5*y = -20. Suppose -y*k + 2*k + 6 = 0. Suppose -7*z = -k*z - 24. What is the remainder when 22 is divided by z?
4
Let r = -92 + 49. Let u = -2 - r. Calculate the remainder when u is divided by 21.
20
Let a = -50 + 74. What is the remainder when a is divided by 9?
6
Let b be (-4)/14 + (-2090)/(-14). Suppose 62 - b = 3*c. Let l = -15 - c. What is the remainder when l is divided by 8?
6
Suppose 3*q + n + 2 = -9, 2*q - 4*n = 2. What is the remainder when 54 is divided by (-9 + (q - -5))*-2?
12
Let r(n) = -n**3 - 11*n**2 - 11*n - 10. Let x be r(-10). Suppose 0*w - w + 83 = x. Calculate the remainder when w is divided by 21.
20
Suppose -1 = -2*c - 43. Suppose -k - 74 = -3*k. Let b = c + k. Calculate the remainder when 30 is divided by b.
14
Let p = -6 + 10. Suppose -4*j = -a - 109, a = -p*j + 19 + 96. What is the remainder when j is divided by 10?
8
Suppose 3*k - k - 18 = -3*d, -2*d - 4 = -4*k. Let y be (-4)/(-4)*(0 + k). Suppose 37 = y*h + 4. What is the remainder when 21 is divided by h?
10
Suppose p + 3*y = -p + 44, 44 = 3*p - y. Let z = -9 + p. Calculate the remainder when 11 is divided by z.
4
Suppose 5*t - 95 = 3*r + r, 4*r + 20 = 0. Calculate the remainder when 4/(-6) + (-332)/(-12) is divided by t.
12
Suppose -5*x + 117 = -38. Suppose 5*h - 39 = x. What is the remainder when h is divided by 4?
2
Suppose -2 = -2*u + 4. Suppose 5*i = -25, -g + 4*g = -u*i + 81. What is the remainder when g is divided by 2 - (0 - 18/2)?
10
Suppose -3*a = -9, -6*v + v - 102 = -4*a. Let i = -9 - v. Calculate the remainder when 16 is divided by i.
7
Suppose 0 = -z + 2*c + 2*c + 47, -5*z + 307 = -2*c. Calculate the remainder when z is divided by 13.
11
Let l = -29 - -49. Let x(f) = f**2 - 10*f + 7. Calculate the remainder when l is divided by x(10).
6
Let o(a) = a**2 + 10*a - 7. What is the remainder when ((-18)/(-8))/((-3)/(-8)) is divided by o(-11)?
2
Let z(s) = -s - 9. Let r be z(0). Let d be 4/((-4)/r) + -1. Let m(w) = w**2 - 6*w - 10. What is the remainder when 11 is divided by m(